{"id":2277,"date":"2024-04-21T18:52:17","date_gmt":"2024-04-21T18:52:17","guid":{"rendered":"https:\/\/congeladosdurango.com\/?post_type=product&#038;p=2277"},"modified":"2024-04-23T14:26:54","modified_gmt":"2024-04-23T14:26:54","slug":"aros-de-cebolla-mccain","status":"publish","type":"product","link":"https:\/\/congeladosdurango.com\/eus\/produktua\/aros-de-cebolla-mccain\/","title":{"rendered":"AROS DE CEBOLLA McCain"},"content":{"rendered":"","protected":false},"excerpt":{"rendered":"<p>Para preparar los Aros de Cebolla McCain, puedes seguir estos pasos:<\/p>\n<p>1. **Horno**: Precalienta el horno a 220\u00b0C. Coloca los aros de cebolla en una bandeja para hornear previamente engrasada y hornea durante 10-12 minutos, volte\u00e1ndolos a la mitad del tiempo de cocci\u00f3n, hasta que est\u00e9n dorados y crujientes.<\/p>\n<p>2. **Freidora**: Precalienta la freidora a 180\u00b0C. Coloca los aros de cebolla en la cesta de la freidora y fr\u00edelos durante 3-4 minutos, hasta que est\u00e9n dorados y crujientes.<\/p>\n<p>3. **Sart\u00e9n**: Calienta suficiente aceite en una sart\u00e9n a fuego medio-alto. Cuando est\u00e9 caliente, a\u00f1ade los aros de cebolla y fr\u00edelos durante 2-3 minutos por cada lado, hasta que est\u00e9n dorados y crujientes.<\/p>\n<p>4. **Microondas**: Coloca los aros de cebolla en un plato apto para microondas y cali\u00e9ntalos a m\u00e1xima potencia durante 2-3 minutos, hasta que est\u00e9n calientes y crujientes.<\/p>\n<p>Una vez que los aros de cebolla est\u00e9n listos, ret\u00edralos del horno, freidora, sart\u00e9n o microondas y s\u00edrvelos inmediatamente. Puedes acompa\u00f1arlos con salsa de tu elecci\u00f3n, como salsa BBQ, salsa de queso o salsa picante. \u00a1Disfruta de tus aros de cebolla McCain!<\/p>\n<p>PRECIO KILO<\/p>","protected":false},"featured_media":2437,"template":"","meta":[],"product_brand":[],"product_cat":[46,78],"product_tag":[],"class_list":{"0":"post-2277","1":"product","2":"type-product","3":"status-publish","4":"has-post-thumbnail","6":"product_cat-precocinados","7":"product_cat-precocinados-de-verdura","9":"first","10":"instock","11":"shipping-taxable","12":"purchasable","13":"product-type-simple"},"yoast_head":"<!-- This site is optimized with the Yoast SEO plugin v27.5 - https:\/\/yoast.com\/product\/yoast-seo-wordpress\/ -->\n<title>AROS DE CEBOLLA McCain - Congelados Durango<\/title>\n<meta name=\"robots\" content=\"index, follow, max-snippet:-1, max-image-preview:large, max-video-preview:-1\" \/>\n<link rel=\"canonical\" href=\"https:\/\/congeladosdurango.com\/eus\/produktua\/aros-de-cebolla-mccain\/\" \/>\n<meta property=\"og:locale\" content=\"en_US\" \/>\n<meta property=\"og:type\" content=\"article\" \/>\n<meta property=\"og:title\" content=\"AROS DE CEBOLLA McCain - Congelados Durango\" \/>\n<meta property=\"og:description\" content=\"Para preparar los Aros de Cebolla McCain, puedes seguir estos pasos:  1. **Horno**: Precalienta el horno a 220\u00b0C. Coloca los aros de cebolla en una bandeja para hornear previamente engrasada y hornea durante 10-12 minutos, volte\u00e1ndolos a la mitad del tiempo de cocci\u00f3n, hasta que est\u00e9n dorados y crujientes.  2. **Freidora**: Precalienta la freidora a 180\u00b0C. Coloca los aros de cebolla en la cesta de la freidora y fr\u00edelos durante 3-4 minutos, hasta que est\u00e9n dorados y crujientes.  3. **Sart\u00e9n**: Calienta suficiente aceite en una sart\u00e9n a fuego medio-alto. Cuando est\u00e9 caliente, a\u00f1ade los aros de cebolla y fr\u00edelos durante 2-3 minutos por cada lado, hasta que est\u00e9n dorados y crujientes.  4. **Microondas**: Coloca los aros de cebolla en un plato apto para microondas y cali\u00e9ntalos a m\u00e1xima potencia durante 2-3 minutos, hasta que est\u00e9n calientes y crujientes.  Una vez que los aros de cebolla est\u00e9n listos, ret\u00edralos del horno, freidora, sart\u00e9n o microondas y s\u00edrvelos inmediatamente. Puedes acompa\u00f1arlos con salsa de tu elecci\u00f3n, como salsa BBQ, salsa de queso o salsa picante. \u00a1Disfruta de tus aros de cebolla McCain!  PRECIO KILO\" \/>\n<meta property=\"og:url\" content=\"https:\/\/congeladosdurango.com\/eus\/produktua\/aros-de-cebolla-mccain\/\" \/>\n<meta property=\"og:site_name\" content=\"Congelados Durango\" \/>\n<meta property=\"article:modified_time\" content=\"2024-04-23T14:26:54+00:00\" \/>\n<meta property=\"og:image\" content=\"https:\/\/congeladosdurango.com\/wp-content\/uploads\/2024\/04\/AROS-DE-CEBOLLA.png\" \/>\n\t<meta property=\"og:image:width\" content=\"1059\" \/>\n\t<meta property=\"og:image:height\" content=\"940\" \/>\n\t<meta property=\"og:image:type\" content=\"image\/png\" \/>\n<meta name=\"twitter:card\" content=\"summary_large_image\" \/>\n<meta name=\"twitter:label1\" content=\"Est. reading time\" \/>\n\t<meta name=\"twitter:data1\" content=\"1 minutua\" \/>\n<script type=\"application\/ld+json\" class=\"yoast-schema-graph\">{\"@context\":\"https:\\\/\\\/schema.org\",\"@graph\":[{\"@type\":\"WebPage\",\"@id\":\"https:\\\/\\\/congeladosdurango.com\\\/producto\\\/aros-de-cebolla-mccain\\\/\",\"url\":\"https:\\\/\\\/congeladosdurango.com\\\/producto\\\/aros-de-cebolla-mccain\\\/\",\"name\":\"AROS DE CEBOLLA McCain - Congelados Durango\",\"isPartOf\":{\"@id\":\"https:\\\/\\\/congeladosdurango.com\\\/#website\"},\"primaryImageOfPage\":{\"@id\":\"https:\\\/\\\/congeladosdurango.com\\\/producto\\\/aros-de-cebolla-mccain\\\/#primaryimage\"},\"image\":{\"@id\":\"https:\\\/\\\/congeladosdurango.com\\\/producto\\\/aros-de-cebolla-mccain\\\/#primaryimage\"},\"thumbnailUrl\":\"https:\\\/\\\/congeladosdurango.com\\\/wp-content\\\/uploads\\\/2024\\\/04\\\/AROS-DE-CEBOLLA.png\",\"datePublished\":\"2024-04-21T18:52:17+00:00\",\"dateModified\":\"2024-04-23T14:26:54+00:00\",\"breadcrumb\":{\"@id\":\"https:\\\/\\\/congeladosdurango.com\\\/producto\\\/aros-de-cebolla-mccain\\\/#breadcrumb\"},\"inLanguage\":\"eu\",\"potentialAction\":[{\"@type\":\"ReadAction\",\"target\":[\"https:\\\/\\\/congeladosdurango.com\\\/producto\\\/aros-de-cebolla-mccain\\\/\"]}]},{\"@type\":\"ImageObject\",\"inLanguage\":\"eu\",\"@id\":\"https:\\\/\\\/congeladosdurango.com\\\/producto\\\/aros-de-cebolla-mccain\\\/#primaryimage\",\"url\":\"https:\\\/\\\/congeladosdurango.com\\\/wp-content\\\/uploads\\\/2024\\\/04\\\/AROS-DE-CEBOLLA.png\",\"contentUrl\":\"https:\\\/\\\/congeladosdurango.com\\\/wp-content\\\/uploads\\\/2024\\\/04\\\/AROS-DE-CEBOLLA.png\",\"width\":1059,\"height\":940},{\"@type\":\"BreadcrumbList\",\"@id\":\"https:\\\/\\\/congeladosdurango.com\\\/producto\\\/aros-de-cebolla-mccain\\\/#breadcrumb\",\"itemListElement\":[{\"@type\":\"ListItem\",\"position\":1,\"name\":\"Home\",\"item\":\"https:\\\/\\\/congeladosdurango.com\\\/\"},{\"@type\":\"ListItem\",\"position\":2,\"name\":\"Shop\",\"item\":\"https:\\\/\\\/congeladosdurango.com\\\/shop\\\/\"},{\"@type\":\"ListItem\",\"position\":3,\"name\":\"AROS DE CEBOLLA McCain\"}]},{\"@type\":\"WebSite\",\"@id\":\"https:\\\/\\\/congeladosdurango.com\\\/#website\",\"url\":\"https:\\\/\\\/congeladosdurango.com\\\/\",\"name\":\"Congelados Durango\",\"description\":\"\",\"publisher\":{\"@id\":\"https:\\\/\\\/congeladosdurango.com\\\/#organization\"},\"potentialAction\":[{\"@type\":\"SearchAction\",\"target\":{\"@type\":\"EntryPoint\",\"urlTemplate\":\"https:\\\/\\\/congeladosdurango.com\\\/?s={search_term_string}\"},\"query-input\":{\"@type\":\"PropertyValueSpecification\",\"valueRequired\":true,\"valueName\":\"search_term_string\"}}],\"inLanguage\":\"eu\"},{\"@type\":\"Organization\",\"@id\":\"https:\\\/\\\/congeladosdurango.com\\\/#organization\",\"name\":\"Congelados Durango\",\"url\":\"https:\\\/\\\/congeladosdurango.com\\\/\",\"logo\":{\"@type\":\"ImageObject\",\"inLanguage\":\"eu\",\"@id\":\"https:\\\/\\\/congeladosdurango.com\\\/#\\\/schema\\\/logo\\\/image\\\/\",\"url\":\"https:\\\/\\\/congeladosdurango.com\\\/wp-content\\\/uploads\\\/2024\\\/03\\\/cropped-WhatsApp-Image-2024-02-05-at-10.32.16.jpeg\",\"contentUrl\":\"https:\\\/\\\/congeladosdurango.com\\\/wp-content\\\/uploads\\\/2024\\\/03\\\/cropped-WhatsApp-Image-2024-02-05-at-10.32.16.jpeg\",\"width\":2048,\"height\":680,\"caption\":\"Congelados Durango\"},\"image\":{\"@id\":\"https:\\\/\\\/congeladosdurango.com\\\/#\\\/schema\\\/logo\\\/image\\\/\"}}]}<\/script>\n<!-- \/ Yoast SEO plugin. -->","yoast_head_json":{"title":"AROS DE CEBOLLA McCain - Congelados Durango","robots":{"index":"index","follow":"follow","max-snippet":"max-snippet:-1","max-image-preview":"max-image-preview:large","max-video-preview":"max-video-preview:-1"},"canonical":"https:\/\/congeladosdurango.com\/eus\/produktua\/aros-de-cebolla-mccain\/","og_locale":"en_US","og_type":"article","og_title":"AROS DE CEBOLLA McCain - Congelados Durango","og_description":"Para preparar los Aros de Cebolla McCain, puedes seguir estos pasos:  1. **Horno**: Precalienta el horno a 220\u00b0C. Coloca los aros de cebolla en una bandeja para hornear previamente engrasada y hornea durante 10-12 minutos, volte\u00e1ndolos a la mitad del tiempo de cocci\u00f3n, hasta que est\u00e9n dorados y crujientes.  2. **Freidora**: Precalienta la freidora a 180\u00b0C. Coloca los aros de cebolla en la cesta de la freidora y fr\u00edelos durante 3-4 minutos, hasta que est\u00e9n dorados y crujientes.  3. **Sart\u00e9n**: Calienta suficiente aceite en una sart\u00e9n a fuego medio-alto. Cuando est\u00e9 caliente, a\u00f1ade los aros de cebolla y fr\u00edelos durante 2-3 minutos por cada lado, hasta que est\u00e9n dorados y crujientes.  4. **Microondas**: Coloca los aros de cebolla en un plato apto para microondas y cali\u00e9ntalos a m\u00e1xima potencia durante 2-3 minutos, hasta que est\u00e9n calientes y crujientes.  Una vez que los aros de cebolla est\u00e9n listos, ret\u00edralos del horno, freidora, sart\u00e9n o microondas y s\u00edrvelos inmediatamente. Puedes acompa\u00f1arlos con salsa de tu elecci\u00f3n, como salsa BBQ, salsa de queso o salsa picante. \u00a1Disfruta de tus aros de cebolla McCain!  PRECIO KILO","og_url":"https:\/\/congeladosdurango.com\/eus\/produktua\/aros-de-cebolla-mccain\/","og_site_name":"Congelados Durango","article_modified_time":"2024-04-23T14:26:54+00:00","og_image":[{"width":1059,"height":940,"url":"https:\/\/congeladosdurango.com\/wp-content\/uploads\/2024\/04\/AROS-DE-CEBOLLA.png","type":"image\/png"}],"twitter_card":"summary_large_image","twitter_misc":{"Est. reading time":"1 minutua"},"schema":{"@context":"https:\/\/schema.org","@graph":[{"@type":"WebPage","@id":"https:\/\/congeladosdurango.com\/producto\/aros-de-cebolla-mccain\/","url":"https:\/\/congeladosdurango.com\/producto\/aros-de-cebolla-mccain\/","name":"AROS DE CEBOLLA McCain - Congelados Durango","isPartOf":{"@id":"https:\/\/congeladosdurango.com\/#website"},"primaryImageOfPage":{"@id":"https:\/\/congeladosdurango.com\/producto\/aros-de-cebolla-mccain\/#primaryimage"},"image":{"@id":"https:\/\/congeladosdurango.com\/producto\/aros-de-cebolla-mccain\/#primaryimage"},"thumbnailUrl":"https:\/\/congeladosdurango.com\/wp-content\/uploads\/2024\/04\/AROS-DE-CEBOLLA.png","datePublished":"2024-04-21T18:52:17+00:00","dateModified":"2024-04-23T14:26:54+00:00","breadcrumb":{"@id":"https:\/\/congeladosdurango.com\/producto\/aros-de-cebolla-mccain\/#breadcrumb"},"inLanguage":"eu","potentialAction":[{"@type":"ReadAction","target":["https:\/\/congeladosdurango.com\/producto\/aros-de-cebolla-mccain\/"]}]},{"@type":"ImageObject","inLanguage":"eu","@id":"https:\/\/congeladosdurango.com\/producto\/aros-de-cebolla-mccain\/#primaryimage","url":"https:\/\/congeladosdurango.com\/wp-content\/uploads\/2024\/04\/AROS-DE-CEBOLLA.png","contentUrl":"https:\/\/congeladosdurango.com\/wp-content\/uploads\/2024\/04\/AROS-DE-CEBOLLA.png","width":1059,"height":940},{"@type":"BreadcrumbList","@id":"https:\/\/congeladosdurango.com\/producto\/aros-de-cebolla-mccain\/#breadcrumb","itemListElement":[{"@type":"ListItem","position":1,"name":"Home","item":"https:\/\/congeladosdurango.com\/"},{"@type":"ListItem","position":2,"name":"Shop","item":"https:\/\/congeladosdurango.com\/shop\/"},{"@type":"ListItem","position":3,"name":"AROS DE CEBOLLA McCain"}]},{"@type":"WebSite","@id":"https:\/\/congeladosdurango.com\/#website","url":"https:\/\/congeladosdurango.com\/","name":"Congelados Durango","description":"","publisher":{"@id":"https:\/\/congeladosdurango.com\/#organization"},"potentialAction":[{"@type":"SearchAction","target":{"@type":"EntryPoint","urlTemplate":"https:\/\/congeladosdurango.com\/?s={search_term_string}"},"query-input":{"@type":"PropertyValueSpecification","valueRequired":true,"valueName":"search_term_string"}}],"inLanguage":"eu"},{"@type":"Organization","@id":"https:\/\/congeladosdurango.com\/#organization","name":"Congelados Durango","url":"https:\/\/congeladosdurango.com\/","logo":{"@type":"ImageObject","inLanguage":"eu","@id":"https:\/\/congeladosdurango.com\/#\/schema\/logo\/image\/","url":"https:\/\/congeladosdurango.com\/wp-content\/uploads\/2024\/03\/cropped-WhatsApp-Image-2024-02-05-at-10.32.16.jpeg","contentUrl":"https:\/\/congeladosdurango.com\/wp-content\/uploads\/2024\/03\/cropped-WhatsApp-Image-2024-02-05-at-10.32.16.jpeg","width":2048,"height":680,"caption":"Congelados Durango"},"image":{"@id":"https:\/\/congeladosdurango.com\/#\/schema\/logo\/image\/"}}]}},"jetpack_sharing_enabled":true,"_links":{"self":[{"href":"https:\/\/congeladosdurango.com\/eus\/wp-json\/wp\/v2\/product\/2277","targetHints":{"allow":["GET"]}}],"collection":[{"href":"https:\/\/congeladosdurango.com\/eus\/wp-json\/wp\/v2\/product"}],"about":[{"href":"https:\/\/congeladosdurango.com\/eus\/wp-json\/wp\/v2\/types\/product"}],"wp:featuredmedia":[{"embeddable":true,"href":"https:\/\/congeladosdurango.com\/eus\/wp-json\/wp\/v2\/media\/2437"}],"wp:attachment":[{"href":"https:\/\/congeladosdurango.com\/eus\/wp-json\/wp\/v2\/media?parent=2277"}],"wp:term":[{"taxonomy":"product_brand","embeddable":true,"href":"https:\/\/congeladosdurango.com\/eus\/wp-json\/wp\/v2\/product_brand?post=2277"},{"taxonomy":"product_cat","embeddable":true,"href":"https:\/\/congeladosdurango.com\/eus\/wp-json\/wp\/v2\/product_cat?post=2277"},{"taxonomy":"product_tag","embeddable":true,"href":"https:\/\/congeladosdurango.com\/eus\/wp-json\/wp\/v2\/product_tag?post=2277"}],"curies":[{"name":"wp","href":"https:\/\/api.w.org\/{rel}","templated":true}]}}