{"id":2493,"date":"2024-04-24T15:13:55","date_gmt":"2024-04-24T15:13:55","guid":{"rendered":"https:\/\/congeladosdurango.com\/?post_type=product&#038;p=2493"},"modified":"2025-09-23T14:30:54","modified_gmt":"2025-09-23T14:30:54","slug":"suprema-de-bacalao","status":"publish","type":"product","link":"https:\/\/congeladosdurango.com\/eus\/produktua\/suprema-de-bacalao\/","title":{"rendered":"SUPREMA DE BACALAO ICELANDIC 400+"},"content":{"rendered":"","protected":false},"excerpt":{"rendered":"<p>La <strong>Suprema de Bacalao de Islandia 400+<\/strong> hace referencia a lomos grandes y selectos de bacalao, con un peso superior a 400 g por pieza. Se trata de un corte premium, limpio de piel y espinas, con carne blanca, firme y de textura laminada. Su tama\u00f1o permite presentaciones elegantes y una cocci\u00f3n uniforme, ideal para recetas al horno, confitadas o a la plancha. Es un producto de m\u00e1xima calidad, muy valorado en la gastronom\u00eda por su sabor suave y versatilidad.<\/p>\n<p>PRECIO KILO<\/p>","protected":false},"featured_media":2494,"template":"","meta":[],"product_brand":[],"product_cat":[62,49],"product_tag":[],"class_list":{"0":"post-2493","1":"product","2":"type-product","3":"status-publish","4":"has-post-thumbnail","6":"product_cat-bacalao","7":"product_cat-pescados","9":"first","10":"instock","11":"shipping-taxable","12":"purchasable","13":"product-type-simple"},"yoast_head":"<!-- This site is optimized with the Yoast SEO plugin v27.5 - https:\/\/yoast.com\/product\/yoast-seo-wordpress\/ -->\n<title>SUPREMA DE BACALAO ICELANDIC 400+ - Congelados Durango<\/title>\n<meta name=\"robots\" content=\"index, follow, max-snippet:-1, max-image-preview:large, max-video-preview:-1\" \/>\n<link rel=\"canonical\" href=\"https:\/\/congeladosdurango.com\/eus\/produktua\/suprema-de-bacalao\/\" \/>\n<meta property=\"og:locale\" content=\"en_US\" \/>\n<meta property=\"og:type\" content=\"article\" \/>\n<meta property=\"og:title\" content=\"SUPREMA DE BACALAO ICELANDIC 400+ - Congelados Durango\" \/>\n<meta property=\"og:description\" content=\"La Suprema de Bacalao de Islandia 400+ hace referencia a lomos grandes y selectos de bacalao, con un peso superior a 400 g por pieza. Se trata de un corte premium, limpio de piel y espinas, con carne blanca, firme y de textura laminada. Su tama\u00f1o permite presentaciones elegantes y una cocci\u00f3n uniforme, ideal para recetas al horno, confitadas o a la plancha. Es un producto de m\u00e1xima calidad, muy valorado en la gastronom\u00eda por su sabor suave y versatilidad.  PRECIO KILO\" \/>\n<meta property=\"og:url\" content=\"https:\/\/congeladosdurango.com\/eus\/produktua\/suprema-de-bacalao\/\" \/>\n<meta property=\"og:site_name\" content=\"Congelados Durango\" \/>\n<meta property=\"article:modified_time\" content=\"2025-09-23T14:30:54+00:00\" \/>\n<meta property=\"og:image\" content=\"https:\/\/congeladosdurango.com\/wp-content\/uploads\/2024\/04\/suprema-de-bacalao-1024x920.png\" \/>\n\t<meta property=\"og:image:width\" content=\"1024\" \/>\n\t<meta property=\"og:image:height\" content=\"920\" \/>\n\t<meta property=\"og:image:type\" content=\"image\/png\" \/>\n<meta name=\"twitter:card\" content=\"summary_large_image\" \/>\n<meta name=\"twitter:label1\" content=\"Est. reading time\" \/>\n\t<meta name=\"twitter:data1\" content=\"1 minutua\" \/>\n<script type=\"application\/ld+json\" class=\"yoast-schema-graph\">{\"@context\":\"https:\\\/\\\/schema.org\",\"@graph\":[{\"@type\":\"WebPage\",\"@id\":\"https:\\\/\\\/congeladosdurango.com\\\/producto\\\/suprema-de-bacalao\\\/\",\"url\":\"https:\\\/\\\/congeladosdurango.com\\\/producto\\\/suprema-de-bacalao\\\/\",\"name\":\"SUPREMA DE BACALAO ICELANDIC 400+ - Congelados Durango\",\"isPartOf\":{\"@id\":\"https:\\\/\\\/congeladosdurango.com\\\/#website\"},\"primaryImageOfPage\":{\"@id\":\"https:\\\/\\\/congeladosdurango.com\\\/producto\\\/suprema-de-bacalao\\\/#primaryimage\"},\"image\":{\"@id\":\"https:\\\/\\\/congeladosdurango.com\\\/producto\\\/suprema-de-bacalao\\\/#primaryimage\"},\"thumbnailUrl\":\"https:\\\/\\\/congeladosdurango.com\\\/wp-content\\\/uploads\\\/2024\\\/04\\\/suprema-de-bacalao.png\",\"datePublished\":\"2024-04-24T15:13:55+00:00\",\"dateModified\":\"2025-09-23T14:30:54+00:00\",\"breadcrumb\":{\"@id\":\"https:\\\/\\\/congeladosdurango.com\\\/producto\\\/suprema-de-bacalao\\\/#breadcrumb\"},\"inLanguage\":\"eu\",\"potentialAction\":[{\"@type\":\"ReadAction\",\"target\":[\"https:\\\/\\\/congeladosdurango.com\\\/producto\\\/suprema-de-bacalao\\\/\"]}]},{\"@type\":\"ImageObject\",\"inLanguage\":\"eu\",\"@id\":\"https:\\\/\\\/congeladosdurango.com\\\/producto\\\/suprema-de-bacalao\\\/#primaryimage\",\"url\":\"https:\\\/\\\/congeladosdurango.com\\\/wp-content\\\/uploads\\\/2024\\\/04\\\/suprema-de-bacalao.png\",\"contentUrl\":\"https:\\\/\\\/congeladosdurango.com\\\/wp-content\\\/uploads\\\/2024\\\/04\\\/suprema-de-bacalao.png\",\"width\":1080,\"height\":970},{\"@type\":\"BreadcrumbList\",\"@id\":\"https:\\\/\\\/congeladosdurango.com\\\/producto\\\/suprema-de-bacalao\\\/#breadcrumb\",\"itemListElement\":[{\"@type\":\"ListItem\",\"position\":1,\"name\":\"Home\",\"item\":\"https:\\\/\\\/congeladosdurango.com\\\/\"},{\"@type\":\"ListItem\",\"position\":2,\"name\":\"Shop\",\"item\":\"https:\\\/\\\/congeladosdurango.com\\\/shop\\\/\"},{\"@type\":\"ListItem\",\"position\":3,\"name\":\"SUPREMA DE BACALAO ICELANDIC 400+\"}]},{\"@type\":\"WebSite\",\"@id\":\"https:\\\/\\\/congeladosdurango.com\\\/#website\",\"url\":\"https:\\\/\\\/congeladosdurango.com\\\/\",\"name\":\"Congelados Durango\",\"description\":\"\",\"publisher\":{\"@id\":\"https:\\\/\\\/congeladosdurango.com\\\/#organization\"},\"potentialAction\":[{\"@type\":\"SearchAction\",\"target\":{\"@type\":\"EntryPoint\",\"urlTemplate\":\"https:\\\/\\\/congeladosdurango.com\\\/?s={search_term_string}\"},\"query-input\":{\"@type\":\"PropertyValueSpecification\",\"valueRequired\":true,\"valueName\":\"search_term_string\"}}],\"inLanguage\":\"eu\"},{\"@type\":\"Organization\",\"@id\":\"https:\\\/\\\/congeladosdurango.com\\\/#organization\",\"name\":\"Congelados Durango\",\"url\":\"https:\\\/\\\/congeladosdurango.com\\\/\",\"logo\":{\"@type\":\"ImageObject\",\"inLanguage\":\"eu\",\"@id\":\"https:\\\/\\\/congeladosdurango.com\\\/#\\\/schema\\\/logo\\\/image\\\/\",\"url\":\"https:\\\/\\\/congeladosdurango.com\\\/wp-content\\\/uploads\\\/2024\\\/03\\\/cropped-WhatsApp-Image-2024-02-05-at-10.32.16.jpeg\",\"contentUrl\":\"https:\\\/\\\/congeladosdurango.com\\\/wp-content\\\/uploads\\\/2024\\\/03\\\/cropped-WhatsApp-Image-2024-02-05-at-10.32.16.jpeg\",\"width\":2048,\"height\":680,\"caption\":\"Congelados Durango\"},\"image\":{\"@id\":\"https:\\\/\\\/congeladosdurango.com\\\/#\\\/schema\\\/logo\\\/image\\\/\"}}]}<\/script>\n<!-- \/ Yoast SEO plugin. -->","yoast_head_json":{"title":"SUPREMA DE BACALAO ICELANDIC 400+ - Congelados Durango","robots":{"index":"index","follow":"follow","max-snippet":"max-snippet:-1","max-image-preview":"max-image-preview:large","max-video-preview":"max-video-preview:-1"},"canonical":"https:\/\/congeladosdurango.com\/eus\/produktua\/suprema-de-bacalao\/","og_locale":"en_US","og_type":"article","og_title":"SUPREMA DE BACALAO ICELANDIC 400+ - Congelados Durango","og_description":"La Suprema de Bacalao de Islandia 400+ hace referencia a lomos grandes y selectos de bacalao, con un peso superior a 400 g por pieza. Se trata de un corte premium, limpio de piel y espinas, con carne blanca, firme y de textura laminada. Su tama\u00f1o permite presentaciones elegantes y una cocci\u00f3n uniforme, ideal para recetas al horno, confitadas o a la plancha. Es un producto de m\u00e1xima calidad, muy valorado en la gastronom\u00eda por su sabor suave y versatilidad.  PRECIO KILO","og_url":"https:\/\/congeladosdurango.com\/eus\/produktua\/suprema-de-bacalao\/","og_site_name":"Congelados Durango","article_modified_time":"2025-09-23T14:30:54+00:00","og_image":[{"width":1024,"height":920,"url":"https:\/\/congeladosdurango.com\/wp-content\/uploads\/2024\/04\/suprema-de-bacalao-1024x920.png","type":"image\/png"}],"twitter_card":"summary_large_image","twitter_misc":{"Est. reading time":"1 minutua"},"schema":{"@context":"https:\/\/schema.org","@graph":[{"@type":"WebPage","@id":"https:\/\/congeladosdurango.com\/producto\/suprema-de-bacalao\/","url":"https:\/\/congeladosdurango.com\/producto\/suprema-de-bacalao\/","name":"SUPREMA DE BACALAO ICELANDIC 400+ - Congelados Durango","isPartOf":{"@id":"https:\/\/congeladosdurango.com\/#website"},"primaryImageOfPage":{"@id":"https:\/\/congeladosdurango.com\/producto\/suprema-de-bacalao\/#primaryimage"},"image":{"@id":"https:\/\/congeladosdurango.com\/producto\/suprema-de-bacalao\/#primaryimage"},"thumbnailUrl":"https:\/\/congeladosdurango.com\/wp-content\/uploads\/2024\/04\/suprema-de-bacalao.png","datePublished":"2024-04-24T15:13:55+00:00","dateModified":"2025-09-23T14:30:54+00:00","breadcrumb":{"@id":"https:\/\/congeladosdurango.com\/producto\/suprema-de-bacalao\/#breadcrumb"},"inLanguage":"eu","potentialAction":[{"@type":"ReadAction","target":["https:\/\/congeladosdurango.com\/producto\/suprema-de-bacalao\/"]}]},{"@type":"ImageObject","inLanguage":"eu","@id":"https:\/\/congeladosdurango.com\/producto\/suprema-de-bacalao\/#primaryimage","url":"https:\/\/congeladosdurango.com\/wp-content\/uploads\/2024\/04\/suprema-de-bacalao.png","contentUrl":"https:\/\/congeladosdurango.com\/wp-content\/uploads\/2024\/04\/suprema-de-bacalao.png","width":1080,"height":970},{"@type":"BreadcrumbList","@id":"https:\/\/congeladosdurango.com\/producto\/suprema-de-bacalao\/#breadcrumb","itemListElement":[{"@type":"ListItem","position":1,"name":"Home","item":"https:\/\/congeladosdurango.com\/"},{"@type":"ListItem","position":2,"name":"Shop","item":"https:\/\/congeladosdurango.com\/shop\/"},{"@type":"ListItem","position":3,"name":"SUPREMA DE BACALAO ICELANDIC 400+"}]},{"@type":"WebSite","@id":"https:\/\/congeladosdurango.com\/#website","url":"https:\/\/congeladosdurango.com\/","name":"Congelados Durango","description":"","publisher":{"@id":"https:\/\/congeladosdurango.com\/#organization"},"potentialAction":[{"@type":"SearchAction","target":{"@type":"EntryPoint","urlTemplate":"https:\/\/congeladosdurango.com\/?s={search_term_string}"},"query-input":{"@type":"PropertyValueSpecification","valueRequired":true,"valueName":"search_term_string"}}],"inLanguage":"eu"},{"@type":"Organization","@id":"https:\/\/congeladosdurango.com\/#organization","name":"Congelados Durango","url":"https:\/\/congeladosdurango.com\/","logo":{"@type":"ImageObject","inLanguage":"eu","@id":"https:\/\/congeladosdurango.com\/#\/schema\/logo\/image\/","url":"https:\/\/congeladosdurango.com\/wp-content\/uploads\/2024\/03\/cropped-WhatsApp-Image-2024-02-05-at-10.32.16.jpeg","contentUrl":"https:\/\/congeladosdurango.com\/wp-content\/uploads\/2024\/03\/cropped-WhatsApp-Image-2024-02-05-at-10.32.16.jpeg","width":2048,"height":680,"caption":"Congelados Durango"},"image":{"@id":"https:\/\/congeladosdurango.com\/#\/schema\/logo\/image\/"}}]}},"jetpack_sharing_enabled":true,"_links":{"self":[{"href":"https:\/\/congeladosdurango.com\/eus\/wp-json\/wp\/v2\/product\/2493","targetHints":{"allow":["GET"]}}],"collection":[{"href":"https:\/\/congeladosdurango.com\/eus\/wp-json\/wp\/v2\/product"}],"about":[{"href":"https:\/\/congeladosdurango.com\/eus\/wp-json\/wp\/v2\/types\/product"}],"wp:featuredmedia":[{"embeddable":true,"href":"https:\/\/congeladosdurango.com\/eus\/wp-json\/wp\/v2\/media\/2494"}],"wp:attachment":[{"href":"https:\/\/congeladosdurango.com\/eus\/wp-json\/wp\/v2\/media?parent=2493"}],"wp:term":[{"taxonomy":"product_brand","embeddable":true,"href":"https:\/\/congeladosdurango.com\/eus\/wp-json\/wp\/v2\/product_brand?post=2493"},{"taxonomy":"product_cat","embeddable":true,"href":"https:\/\/congeladosdurango.com\/eus\/wp-json\/wp\/v2\/product_cat?post=2493"},{"taxonomy":"product_tag","embeddable":true,"href":"https:\/\/congeladosdurango.com\/eus\/wp-json\/wp\/v2\/product_tag?post=2493"}],"curies":[{"name":"wp","href":"https:\/\/api.w.org\/{rel}","templated":true}]}}