{"id":3231,"date":"2024-10-07T09:31:08","date_gmt":"2024-10-07T09:31:08","guid":{"rendered":"https:\/\/congeladosdurango.com\/?post_type=product&#038;p=3231"},"modified":"2026-02-10T20:47:35","modified_gmt":"2026-02-10T20:47:35","slug":"delicias-de-jamon-y-queso","status":"publish","type":"product","link":"https:\/\/congeladosdurango.com\/eus\/produktua\/delicias-de-jamon-y-queso\/","title":{"rendered":"DELICIAS DE JAMON Y QUESO"},"content":{"rendered":"","protected":false},"excerpt":{"rendered":"<p>Las <strong>delicias de jam\u00f3n y queso<\/strong> son bocados salados elaborados con una base crujiente o masa ligera que envuelve jam\u00f3n tierno y queso fundido.<br \/>\nSe caracterizan por su sabor equilibrado entre el salado del jam\u00f3n y la suavidad del queso.<br \/>\nSon ideales como aperitivo, entrante o snack para compartir en reuniones y celebraciones.<br \/>\nSu textura combina un exterior crujiente con un interior cremoso y reconfortante.<\/p>\n<p>PRECIO Kg<\/p>","protected":false},"featured_media":3232,"template":"","meta":[],"product_brand":[],"product_cat":[74,46],"product_tag":[],"class_list":{"0":"post-3231","1":"product","2":"type-product","3":"status-publish","4":"has-post-thumbnail","6":"product_cat-croquetas-y-empanadillas","7":"product_cat-precocinados","9":"first","10":"instock","11":"shipping-taxable","12":"purchasable","13":"product-type-simple"},"yoast_head":"<!-- This site is optimized with the Yoast SEO plugin v27.3 - https:\/\/yoast.com\/product\/yoast-seo-wordpress\/ -->\n<title>DELICIAS DE JAMON Y QUESO - Congelados Durango<\/title>\n<meta name=\"robots\" content=\"index, follow, max-snippet:-1, max-image-preview:large, max-video-preview:-1\" \/>\n<link rel=\"canonical\" href=\"https:\/\/congeladosdurango.com\/eus\/producto\/delicias-de-jamon-y-queso\/\" \/>\n<meta property=\"og:locale\" content=\"en_US\" \/>\n<meta property=\"og:type\" content=\"article\" \/>\n<meta property=\"og:title\" content=\"DELICIAS DE JAMON Y QUESO - Congelados Durango\" \/>\n<meta property=\"og:description\" content=\"Las delicias de jam\u00f3n y queso son bocados salados elaborados con una base crujiente o masa ligera que envuelve jam\u00f3n tierno y queso fundido. Se caracterizan por su sabor equilibrado entre el salado del jam\u00f3n y la suavidad del queso. Son ideales como aperitivo, entrante o snack para compartir en reuniones y celebraciones. Su textura combina un exterior crujiente con un interior cremoso y reconfortante.  PRECIO Kg\" \/>\n<meta property=\"og:url\" content=\"https:\/\/congeladosdurango.com\/eus\/producto\/delicias-de-jamon-y-queso\/\" \/>\n<meta property=\"og:site_name\" content=\"Congelados Durango\" \/>\n<meta property=\"article:modified_time\" content=\"2026-02-10T20:47:35+00:00\" \/>\n<meta property=\"og:image\" content=\"https:\/\/congeladosdurango.com\/wp-content\/uploads\/2024\/10\/IMG_20241007_112333.jpg\" \/>\n\t<meta property=\"og:image:width\" content=\"1080\" \/>\n\t<meta property=\"og:image:height\" content=\"1276\" \/>\n\t<meta property=\"og:image:type\" content=\"image\/jpeg\" \/>\n<meta name=\"twitter:card\" content=\"summary_large_image\" \/>\n<meta name=\"twitter:label1\" content=\"Est. reading time\" \/>\n\t<meta name=\"twitter:data1\" content=\"1 minutua\" \/>\n<script type=\"application\/ld+json\" class=\"yoast-schema-graph\">{\"@context\":\"https:\\\/\\\/schema.org\",\"@graph\":[{\"@type\":\"WebPage\",\"@id\":\"https:\\\/\\\/congeladosdurango.com\\\/producto\\\/delicias-de-jamon-y-queso\\\/\",\"url\":\"https:\\\/\\\/congeladosdurango.com\\\/producto\\\/delicias-de-jamon-y-queso\\\/\",\"name\":\"DELICIAS DE JAMON Y QUESO - Congelados Durango\",\"isPartOf\":{\"@id\":\"https:\\\/\\\/congeladosdurango.com\\\/#website\"},\"primaryImageOfPage\":{\"@id\":\"https:\\\/\\\/congeladosdurango.com\\\/producto\\\/delicias-de-jamon-y-queso\\\/#primaryimage\"},\"image\":{\"@id\":\"https:\\\/\\\/congeladosdurango.com\\\/producto\\\/delicias-de-jamon-y-queso\\\/#primaryimage\"},\"thumbnailUrl\":\"https:\\\/\\\/congeladosdurango.com\\\/wp-content\\\/uploads\\\/2024\\\/10\\\/IMG_20241007_112333.jpg\",\"datePublished\":\"2024-10-07T09:31:08+00:00\",\"dateModified\":\"2026-02-10T20:47:35+00:00\",\"breadcrumb\":{\"@id\":\"https:\\\/\\\/congeladosdurango.com\\\/producto\\\/delicias-de-jamon-y-queso\\\/#breadcrumb\"},\"inLanguage\":\"eu\",\"potentialAction\":[{\"@type\":\"ReadAction\",\"target\":[\"https:\\\/\\\/congeladosdurango.com\\\/producto\\\/delicias-de-jamon-y-queso\\\/\"]}]},{\"@type\":\"ImageObject\",\"inLanguage\":\"eu\",\"@id\":\"https:\\\/\\\/congeladosdurango.com\\\/producto\\\/delicias-de-jamon-y-queso\\\/#primaryimage\",\"url\":\"https:\\\/\\\/congeladosdurango.com\\\/wp-content\\\/uploads\\\/2024\\\/10\\\/IMG_20241007_112333.jpg\",\"contentUrl\":\"https:\\\/\\\/congeladosdurango.com\\\/wp-content\\\/uploads\\\/2024\\\/10\\\/IMG_20241007_112333.jpg\",\"width\":1080,\"height\":1276,\"caption\":\"Oplus_131072\"},{\"@type\":\"BreadcrumbList\",\"@id\":\"https:\\\/\\\/congeladosdurango.com\\\/producto\\\/delicias-de-jamon-y-queso\\\/#breadcrumb\",\"itemListElement\":[{\"@type\":\"ListItem\",\"position\":1,\"name\":\"Home\",\"item\":\"https:\\\/\\\/congeladosdurango.com\\\/\"},{\"@type\":\"ListItem\",\"position\":2,\"name\":\"Shop\",\"item\":\"https:\\\/\\\/congeladosdurango.com\\\/shop\\\/\"},{\"@type\":\"ListItem\",\"position\":3,\"name\":\"DELICIAS DE JAMON Y QUESO\"}]},{\"@type\":\"WebSite\",\"@id\":\"https:\\\/\\\/congeladosdurango.com\\\/#website\",\"url\":\"https:\\\/\\\/congeladosdurango.com\\\/\",\"name\":\"Congelados Durango\",\"description\":\"\",\"publisher\":{\"@id\":\"https:\\\/\\\/congeladosdurango.com\\\/#organization\"},\"potentialAction\":[{\"@type\":\"SearchAction\",\"target\":{\"@type\":\"EntryPoint\",\"urlTemplate\":\"https:\\\/\\\/congeladosdurango.com\\\/?s={search_term_string}\"},\"query-input\":{\"@type\":\"PropertyValueSpecification\",\"valueRequired\":true,\"valueName\":\"search_term_string\"}}],\"inLanguage\":\"eu\"},{\"@type\":\"Organization\",\"@id\":\"https:\\\/\\\/congeladosdurango.com\\\/#organization\",\"name\":\"Congelados Durango\",\"url\":\"https:\\\/\\\/congeladosdurango.com\\\/\",\"logo\":{\"@type\":\"ImageObject\",\"inLanguage\":\"eu\",\"@id\":\"https:\\\/\\\/congeladosdurango.com\\\/#\\\/schema\\\/logo\\\/image\\\/\",\"url\":\"https:\\\/\\\/congeladosdurango.com\\\/wp-content\\\/uploads\\\/2024\\\/03\\\/cropped-WhatsApp-Image-2024-02-05-at-10.32.16.jpeg\",\"contentUrl\":\"https:\\\/\\\/congeladosdurango.com\\\/wp-content\\\/uploads\\\/2024\\\/03\\\/cropped-WhatsApp-Image-2024-02-05-at-10.32.16.jpeg\",\"width\":2048,\"height\":680,\"caption\":\"Congelados Durango\"},\"image\":{\"@id\":\"https:\\\/\\\/congeladosdurango.com\\\/#\\\/schema\\\/logo\\\/image\\\/\"}}]}<\/script>\n<!-- \/ Yoast SEO plugin. -->","yoast_head_json":{"title":"DELICIAS DE JAMON Y QUESO - Congelados Durango","robots":{"index":"index","follow":"follow","max-snippet":"max-snippet:-1","max-image-preview":"max-image-preview:large","max-video-preview":"max-video-preview:-1"},"canonical":"https:\/\/congeladosdurango.com\/eus\/producto\/delicias-de-jamon-y-queso\/","og_locale":"en_US","og_type":"article","og_title":"DELICIAS DE JAMON Y QUESO - Congelados Durango","og_description":"Las delicias de jam\u00f3n y queso son bocados salados elaborados con una base crujiente o masa ligera que envuelve jam\u00f3n tierno y queso fundido. Se caracterizan por su sabor equilibrado entre el salado del jam\u00f3n y la suavidad del queso. Son ideales como aperitivo, entrante o snack para compartir en reuniones y celebraciones. Su textura combina un exterior crujiente con un interior cremoso y reconfortante.  PRECIO Kg","og_url":"https:\/\/congeladosdurango.com\/eus\/producto\/delicias-de-jamon-y-queso\/","og_site_name":"Congelados Durango","article_modified_time":"2026-02-10T20:47:35+00:00","og_image":[{"width":1080,"height":1276,"url":"https:\/\/congeladosdurango.com\/wp-content\/uploads\/2024\/10\/IMG_20241007_112333.jpg","type":"image\/jpeg"}],"twitter_card":"summary_large_image","twitter_misc":{"Est. reading time":"1 minutua"},"schema":{"@context":"https:\/\/schema.org","@graph":[{"@type":"WebPage","@id":"https:\/\/congeladosdurango.com\/producto\/delicias-de-jamon-y-queso\/","url":"https:\/\/congeladosdurango.com\/producto\/delicias-de-jamon-y-queso\/","name":"DELICIAS DE JAMON Y QUESO - Congelados Durango","isPartOf":{"@id":"https:\/\/congeladosdurango.com\/#website"},"primaryImageOfPage":{"@id":"https:\/\/congeladosdurango.com\/producto\/delicias-de-jamon-y-queso\/#primaryimage"},"image":{"@id":"https:\/\/congeladosdurango.com\/producto\/delicias-de-jamon-y-queso\/#primaryimage"},"thumbnailUrl":"https:\/\/congeladosdurango.com\/wp-content\/uploads\/2024\/10\/IMG_20241007_112333.jpg","datePublished":"2024-10-07T09:31:08+00:00","dateModified":"2026-02-10T20:47:35+00:00","breadcrumb":{"@id":"https:\/\/congeladosdurango.com\/producto\/delicias-de-jamon-y-queso\/#breadcrumb"},"inLanguage":"eu","potentialAction":[{"@type":"ReadAction","target":["https:\/\/congeladosdurango.com\/producto\/delicias-de-jamon-y-queso\/"]}]},{"@type":"ImageObject","inLanguage":"eu","@id":"https:\/\/congeladosdurango.com\/producto\/delicias-de-jamon-y-queso\/#primaryimage","url":"https:\/\/congeladosdurango.com\/wp-content\/uploads\/2024\/10\/IMG_20241007_112333.jpg","contentUrl":"https:\/\/congeladosdurango.com\/wp-content\/uploads\/2024\/10\/IMG_20241007_112333.jpg","width":1080,"height":1276,"caption":"Oplus_131072"},{"@type":"BreadcrumbList","@id":"https:\/\/congeladosdurango.com\/producto\/delicias-de-jamon-y-queso\/#breadcrumb","itemListElement":[{"@type":"ListItem","position":1,"name":"Home","item":"https:\/\/congeladosdurango.com\/"},{"@type":"ListItem","position":2,"name":"Shop","item":"https:\/\/congeladosdurango.com\/shop\/"},{"@type":"ListItem","position":3,"name":"DELICIAS DE JAMON Y QUESO"}]},{"@type":"WebSite","@id":"https:\/\/congeladosdurango.com\/#website","url":"https:\/\/congeladosdurango.com\/","name":"Congelados Durango","description":"","publisher":{"@id":"https:\/\/congeladosdurango.com\/#organization"},"potentialAction":[{"@type":"SearchAction","target":{"@type":"EntryPoint","urlTemplate":"https:\/\/congeladosdurango.com\/?s={search_term_string}"},"query-input":{"@type":"PropertyValueSpecification","valueRequired":true,"valueName":"search_term_string"}}],"inLanguage":"eu"},{"@type":"Organization","@id":"https:\/\/congeladosdurango.com\/#organization","name":"Congelados Durango","url":"https:\/\/congeladosdurango.com\/","logo":{"@type":"ImageObject","inLanguage":"eu","@id":"https:\/\/congeladosdurango.com\/#\/schema\/logo\/image\/","url":"https:\/\/congeladosdurango.com\/wp-content\/uploads\/2024\/03\/cropped-WhatsApp-Image-2024-02-05-at-10.32.16.jpeg","contentUrl":"https:\/\/congeladosdurango.com\/wp-content\/uploads\/2024\/03\/cropped-WhatsApp-Image-2024-02-05-at-10.32.16.jpeg","width":2048,"height":680,"caption":"Congelados Durango"},"image":{"@id":"https:\/\/congeladosdurango.com\/#\/schema\/logo\/image\/"}}]}},"jetpack_sharing_enabled":true,"_links":{"self":[{"href":"https:\/\/congeladosdurango.com\/eus\/wp-json\/wp\/v2\/product\/3231","targetHints":{"allow":["GET"]}}],"collection":[{"href":"https:\/\/congeladosdurango.com\/eus\/wp-json\/wp\/v2\/product"}],"about":[{"href":"https:\/\/congeladosdurango.com\/eus\/wp-json\/wp\/v2\/types\/product"}],"wp:featuredmedia":[{"embeddable":true,"href":"https:\/\/congeladosdurango.com\/eus\/wp-json\/wp\/v2\/media\/3232"}],"wp:attachment":[{"href":"https:\/\/congeladosdurango.com\/eus\/wp-json\/wp\/v2\/media?parent=3231"}],"wp:term":[{"taxonomy":"product_brand","embeddable":true,"href":"https:\/\/congeladosdurango.com\/eus\/wp-json\/wp\/v2\/product_brand?post=3231"},{"taxonomy":"product_cat","embeddable":true,"href":"https:\/\/congeladosdurango.com\/eus\/wp-json\/wp\/v2\/product_cat?post=3231"},{"taxonomy":"product_tag","embeddable":true,"href":"https:\/\/congeladosdurango.com\/eus\/wp-json\/wp\/v2\/product_tag?post=3231"}],"curies":[{"name":"wp","href":"https:\/\/api.w.org\/{rel}","templated":true}]}}