{"id":3390,"date":"2024-12-01T08:47:24","date_gmt":"2024-12-01T08:47:24","guid":{"rendered":"https:\/\/congeladosdurango.com\/?post_type=product&#038;p=3390"},"modified":"2026-01-23T12:11:41","modified_gmt":"2026-01-23T12:11:41","slug":"bogavante-azul-750-850","status":"publish","type":"product","link":"https:\/\/congeladosdurango.com\/eus\/produktua\/bogavante-azul-750-850\/","title":{"rendered":"BOGAVANTE AZUL 600\/800"},"content":{"rendered":"","protected":false},"excerpt":{"rendered":"<p>El <strong>bogavante azul<\/strong> es un marisco de gran valor gastron\u00f3mico, muy apreciado por su carne firme y jugosa.<br \/>\nSe distingue por el tono azulado de su caparaz\u00f3n cuando est\u00e1 vivo, que se torna rojo intenso al cocinarse.<br \/>\nPosee un sabor delicado y ligeramente dulce, con notas marinas intensas.<br \/>\nEs ideal para preparaciones a la plancha, cocido, en arroces o como ingrediente principal en platos gourmet.<\/p>\n<p>PRECIO UNIDAD<\/p>","protected":false},"featured_media":3391,"template":"","meta":[],"product_brand":[],"product_cat":[48,68],"product_tag":[],"class_list":{"0":"post-3390","1":"product","2":"type-product","3":"status-publish","4":"has-post-thumbnail","6":"product_cat-marisco","7":"product_cat-marisco-crudo","9":"first","10":"instock","11":"shipping-taxable","12":"purchasable","13":"product-type-simple"},"yoast_head":"<!-- This site is optimized with the Yoast SEO plugin v27.5 - https:\/\/yoast.com\/product\/yoast-seo-wordpress\/ -->\n<title>BOGAVANTE AZUL 600\/800 - Congelados Durango<\/title>\n<meta name=\"robots\" content=\"index, follow, max-snippet:-1, max-image-preview:large, max-video-preview:-1\" \/>\n<link rel=\"canonical\" href=\"https:\/\/congeladosdurango.com\/eus\/produktua\/bogavante-azul-750-850\/\" \/>\n<meta property=\"og:locale\" content=\"en_US\" \/>\n<meta property=\"og:type\" content=\"article\" \/>\n<meta property=\"og:title\" content=\"BOGAVANTE AZUL 600\/800 - Congelados Durango\" \/>\n<meta property=\"og:description\" content=\"El bogavante azul es un marisco de gran valor gastron\u00f3mico, muy apreciado por su carne firme y jugosa. Se distingue por el tono azulado de su caparaz\u00f3n cuando est\u00e1 vivo, que se torna rojo intenso al cocinarse. Posee un sabor delicado y ligeramente dulce, con notas marinas intensas. Es ideal para preparaciones a la plancha, cocido, en arroces o como ingrediente principal en platos gourmet.  PRECIO UNIDAD\" \/>\n<meta property=\"og:url\" content=\"https:\/\/congeladosdurango.com\/eus\/produktua\/bogavante-azul-750-850\/\" \/>\n<meta property=\"og:site_name\" content=\"Congelados Durango\" \/>\n<meta property=\"article:modified_time\" content=\"2026-01-23T12:11:41+00:00\" \/>\n<meta property=\"og:image\" content=\"https:\/\/congeladosdurango.com\/wp-content\/uploads\/2024\/12\/IMG_20241201_094430.jpg\" \/>\n\t<meta property=\"og:image:width\" content=\"954\" \/>\n\t<meta property=\"og:image:height\" content=\"658\" \/>\n\t<meta property=\"og:image:type\" content=\"image\/jpeg\" \/>\n<meta name=\"twitter:card\" content=\"summary_large_image\" \/>\n<meta name=\"twitter:label1\" content=\"Est. reading time\" \/>\n\t<meta name=\"twitter:data1\" content=\"1 minutua\" \/>\n<script type=\"application\/ld+json\" class=\"yoast-schema-graph\">{\"@context\":\"https:\\\/\\\/schema.org\",\"@graph\":[{\"@type\":\"WebPage\",\"@id\":\"https:\\\/\\\/congeladosdurango.com\\\/producto\\\/bogavante-azul-750-850\\\/\",\"url\":\"https:\\\/\\\/congeladosdurango.com\\\/producto\\\/bogavante-azul-750-850\\\/\",\"name\":\"BOGAVANTE AZUL 600\\\/800 - Congelados Durango\",\"isPartOf\":{\"@id\":\"https:\\\/\\\/congeladosdurango.com\\\/#website\"},\"primaryImageOfPage\":{\"@id\":\"https:\\\/\\\/congeladosdurango.com\\\/producto\\\/bogavante-azul-750-850\\\/#primaryimage\"},\"image\":{\"@id\":\"https:\\\/\\\/congeladosdurango.com\\\/producto\\\/bogavante-azul-750-850\\\/#primaryimage\"},\"thumbnailUrl\":\"https:\\\/\\\/congeladosdurango.com\\\/wp-content\\\/uploads\\\/2024\\\/12\\\/IMG_20241201_094430.jpg\",\"datePublished\":\"2024-12-01T08:47:24+00:00\",\"dateModified\":\"2026-01-23T12:11:41+00:00\",\"breadcrumb\":{\"@id\":\"https:\\\/\\\/congeladosdurango.com\\\/producto\\\/bogavante-azul-750-850\\\/#breadcrumb\"},\"inLanguage\":\"eu\",\"potentialAction\":[{\"@type\":\"ReadAction\",\"target\":[\"https:\\\/\\\/congeladosdurango.com\\\/producto\\\/bogavante-azul-750-850\\\/\"]}]},{\"@type\":\"ImageObject\",\"inLanguage\":\"eu\",\"@id\":\"https:\\\/\\\/congeladosdurango.com\\\/producto\\\/bogavante-azul-750-850\\\/#primaryimage\",\"url\":\"https:\\\/\\\/congeladosdurango.com\\\/wp-content\\\/uploads\\\/2024\\\/12\\\/IMG_20241201_094430.jpg\",\"contentUrl\":\"https:\\\/\\\/congeladosdurango.com\\\/wp-content\\\/uploads\\\/2024\\\/12\\\/IMG_20241201_094430.jpg\",\"width\":954,\"height\":658,\"caption\":\"Oplus_131072\"},{\"@type\":\"BreadcrumbList\",\"@id\":\"https:\\\/\\\/congeladosdurango.com\\\/producto\\\/bogavante-azul-750-850\\\/#breadcrumb\",\"itemListElement\":[{\"@type\":\"ListItem\",\"position\":1,\"name\":\"Home\",\"item\":\"https:\\\/\\\/congeladosdurango.com\\\/\"},{\"@type\":\"ListItem\",\"position\":2,\"name\":\"Shop\",\"item\":\"https:\\\/\\\/congeladosdurango.com\\\/shop\\\/\"},{\"@type\":\"ListItem\",\"position\":3,\"name\":\"BOGAVANTE AZUL 600\\\/800\"}]},{\"@type\":\"WebSite\",\"@id\":\"https:\\\/\\\/congeladosdurango.com\\\/#website\",\"url\":\"https:\\\/\\\/congeladosdurango.com\\\/\",\"name\":\"Congelados Durango\",\"description\":\"\",\"publisher\":{\"@id\":\"https:\\\/\\\/congeladosdurango.com\\\/#organization\"},\"potentialAction\":[{\"@type\":\"SearchAction\",\"target\":{\"@type\":\"EntryPoint\",\"urlTemplate\":\"https:\\\/\\\/congeladosdurango.com\\\/?s={search_term_string}\"},\"query-input\":{\"@type\":\"PropertyValueSpecification\",\"valueRequired\":true,\"valueName\":\"search_term_string\"}}],\"inLanguage\":\"eu\"},{\"@type\":\"Organization\",\"@id\":\"https:\\\/\\\/congeladosdurango.com\\\/#organization\",\"name\":\"Congelados Durango\",\"url\":\"https:\\\/\\\/congeladosdurango.com\\\/\",\"logo\":{\"@type\":\"ImageObject\",\"inLanguage\":\"eu\",\"@id\":\"https:\\\/\\\/congeladosdurango.com\\\/#\\\/schema\\\/logo\\\/image\\\/\",\"url\":\"https:\\\/\\\/congeladosdurango.com\\\/wp-content\\\/uploads\\\/2024\\\/03\\\/cropped-WhatsApp-Image-2024-02-05-at-10.32.16.jpeg\",\"contentUrl\":\"https:\\\/\\\/congeladosdurango.com\\\/wp-content\\\/uploads\\\/2024\\\/03\\\/cropped-WhatsApp-Image-2024-02-05-at-10.32.16.jpeg\",\"width\":2048,\"height\":680,\"caption\":\"Congelados Durango\"},\"image\":{\"@id\":\"https:\\\/\\\/congeladosdurango.com\\\/#\\\/schema\\\/logo\\\/image\\\/\"}}]}<\/script>\n<!-- \/ Yoast SEO plugin. -->","yoast_head_json":{"title":"BOGAVANTE AZUL 600\/800 - Congelados Durango","robots":{"index":"index","follow":"follow","max-snippet":"max-snippet:-1","max-image-preview":"max-image-preview:large","max-video-preview":"max-video-preview:-1"},"canonical":"https:\/\/congeladosdurango.com\/eus\/produktua\/bogavante-azul-750-850\/","og_locale":"en_US","og_type":"article","og_title":"BOGAVANTE AZUL 600\/800 - Congelados Durango","og_description":"El bogavante azul es un marisco de gran valor gastron\u00f3mico, muy apreciado por su carne firme y jugosa. Se distingue por el tono azulado de su caparaz\u00f3n cuando est\u00e1 vivo, que se torna rojo intenso al cocinarse. Posee un sabor delicado y ligeramente dulce, con notas marinas intensas. Es ideal para preparaciones a la plancha, cocido, en arroces o como ingrediente principal en platos gourmet.  PRECIO UNIDAD","og_url":"https:\/\/congeladosdurango.com\/eus\/produktua\/bogavante-azul-750-850\/","og_site_name":"Congelados Durango","article_modified_time":"2026-01-23T12:11:41+00:00","og_image":[{"width":954,"height":658,"url":"https:\/\/congeladosdurango.com\/wp-content\/uploads\/2024\/12\/IMG_20241201_094430.jpg","type":"image\/jpeg"}],"twitter_card":"summary_large_image","twitter_misc":{"Est. reading time":"1 minutua"},"schema":{"@context":"https:\/\/schema.org","@graph":[{"@type":"WebPage","@id":"https:\/\/congeladosdurango.com\/producto\/bogavante-azul-750-850\/","url":"https:\/\/congeladosdurango.com\/producto\/bogavante-azul-750-850\/","name":"BOGAVANTE AZUL 600\/800 - Congelados Durango","isPartOf":{"@id":"https:\/\/congeladosdurango.com\/#website"},"primaryImageOfPage":{"@id":"https:\/\/congeladosdurango.com\/producto\/bogavante-azul-750-850\/#primaryimage"},"image":{"@id":"https:\/\/congeladosdurango.com\/producto\/bogavante-azul-750-850\/#primaryimage"},"thumbnailUrl":"https:\/\/congeladosdurango.com\/wp-content\/uploads\/2024\/12\/IMG_20241201_094430.jpg","datePublished":"2024-12-01T08:47:24+00:00","dateModified":"2026-01-23T12:11:41+00:00","breadcrumb":{"@id":"https:\/\/congeladosdurango.com\/producto\/bogavante-azul-750-850\/#breadcrumb"},"inLanguage":"eu","potentialAction":[{"@type":"ReadAction","target":["https:\/\/congeladosdurango.com\/producto\/bogavante-azul-750-850\/"]}]},{"@type":"ImageObject","inLanguage":"eu","@id":"https:\/\/congeladosdurango.com\/producto\/bogavante-azul-750-850\/#primaryimage","url":"https:\/\/congeladosdurango.com\/wp-content\/uploads\/2024\/12\/IMG_20241201_094430.jpg","contentUrl":"https:\/\/congeladosdurango.com\/wp-content\/uploads\/2024\/12\/IMG_20241201_094430.jpg","width":954,"height":658,"caption":"Oplus_131072"},{"@type":"BreadcrumbList","@id":"https:\/\/congeladosdurango.com\/producto\/bogavante-azul-750-850\/#breadcrumb","itemListElement":[{"@type":"ListItem","position":1,"name":"Home","item":"https:\/\/congeladosdurango.com\/"},{"@type":"ListItem","position":2,"name":"Shop","item":"https:\/\/congeladosdurango.com\/shop\/"},{"@type":"ListItem","position":3,"name":"BOGAVANTE AZUL 600\/800"}]},{"@type":"WebSite","@id":"https:\/\/congeladosdurango.com\/#website","url":"https:\/\/congeladosdurango.com\/","name":"Congelados Durango","description":"","publisher":{"@id":"https:\/\/congeladosdurango.com\/#organization"},"potentialAction":[{"@type":"SearchAction","target":{"@type":"EntryPoint","urlTemplate":"https:\/\/congeladosdurango.com\/?s={search_term_string}"},"query-input":{"@type":"PropertyValueSpecification","valueRequired":true,"valueName":"search_term_string"}}],"inLanguage":"eu"},{"@type":"Organization","@id":"https:\/\/congeladosdurango.com\/#organization","name":"Congelados Durango","url":"https:\/\/congeladosdurango.com\/","logo":{"@type":"ImageObject","inLanguage":"eu","@id":"https:\/\/congeladosdurango.com\/#\/schema\/logo\/image\/","url":"https:\/\/congeladosdurango.com\/wp-content\/uploads\/2024\/03\/cropped-WhatsApp-Image-2024-02-05-at-10.32.16.jpeg","contentUrl":"https:\/\/congeladosdurango.com\/wp-content\/uploads\/2024\/03\/cropped-WhatsApp-Image-2024-02-05-at-10.32.16.jpeg","width":2048,"height":680,"caption":"Congelados Durango"},"image":{"@id":"https:\/\/congeladosdurango.com\/#\/schema\/logo\/image\/"}}]}},"jetpack_sharing_enabled":true,"_links":{"self":[{"href":"https:\/\/congeladosdurango.com\/eus\/wp-json\/wp\/v2\/product\/3390","targetHints":{"allow":["GET"]}}],"collection":[{"href":"https:\/\/congeladosdurango.com\/eus\/wp-json\/wp\/v2\/product"}],"about":[{"href":"https:\/\/congeladosdurango.com\/eus\/wp-json\/wp\/v2\/types\/product"}],"wp:featuredmedia":[{"embeddable":true,"href":"https:\/\/congeladosdurango.com\/eus\/wp-json\/wp\/v2\/media\/3391"}],"wp:attachment":[{"href":"https:\/\/congeladosdurango.com\/eus\/wp-json\/wp\/v2\/media?parent=3390"}],"wp:term":[{"taxonomy":"product_brand","embeddable":true,"href":"https:\/\/congeladosdurango.com\/eus\/wp-json\/wp\/v2\/product_brand?post=3390"},{"taxonomy":"product_cat","embeddable":true,"href":"https:\/\/congeladosdurango.com\/eus\/wp-json\/wp\/v2\/product_cat?post=3390"},{"taxonomy":"product_tag","embeddable":true,"href":"https:\/\/congeladosdurango.com\/eus\/wp-json\/wp\/v2\/product_tag?post=3390"}],"curies":[{"name":"wp","href":"https:\/\/api.w.org\/{rel}","templated":true}]}}